{"id":165,"date":"2015-11-09T15:17:48","date_gmt":"2015-11-09T15:17:48","guid":{"rendered":"http:\/\/www.arts.chula.ac.th\/~west\/french\/?page_id=165"},"modified":"2015-11-09T15:17:48","modified_gmt":"2015-11-09T15:17:48","slug":"doctorate-fr","status":"publish","type":"page","link":"https:\/\/www.arts.chula.ac.th\/west\/french\/?page_id=165","title":{"rendered":"Doctorat de fran\u00e7ais"},"content":{"rendered":"<h3 align=\"center\">Doctorat de fran\u00e7ais<\/h3>\n<h4>Responsable<\/h4>\n<ul class=\"H1\">\n<li>\n<div align=\"justify\">Section de fran\u00e7ais, D\u00e9partement des langues occidentales; Facult\u00e9 des Lettres, Universit\u00e9 Chulalongkorn<\/div>\n<\/li>\n<\/ul>\n<h4>Objectif<\/h4>\n<ul class=\"H1\">\n<li>\n<div align=\"justify\">Former les \u00e9tudiants en linguistique et en litt\u00e9rature fran\u00e7aises, destin\u00e9s \u00e0 devenir de futurs enseignants capables d&#8217;appliquer les th\u00e9ories dans leur recherche pour faire avancer les \u00e9tudes de langue.<\/div>\n<\/li>\n<\/ul>\n<h4>Structure g\u00e9n\u00e9rale des \u00e9tudes<\/h4>\n<table class=\"table\">\n<tbody>\n<tr>\n<td>\n<div class=\"H1\" align=\"center\">2231828<\/div>\n<\/td>\n<td>\n<div class=\"H1\" align=\"center\">Th\u00e8se<\/div>\n<\/td>\n<td>\n<div class=\"H1\" align=\"center\">48 cr\u00e9dits<\/div>\n<\/td>\n<\/tr>\n<\/tbody>\n<\/table>\n<p class=\"H1\" align=\"left\"><strong>Dur\u00e9e: 5 ans<\/strong><\/p>\n<p class=\"H1\" align=\"left\">Les \u00e9tudiants doivent \u00eatre inscrits au cours <em>2231894 S\u00e9minaire sur la dissertation doctorale <\/em>tous les semestres jusqu&#8217;\u00e0 la fin des \u00e9tudes. L&#8217;\u00e9valuation de ce cours est <strong>S <\/strong>( satisfactory ) ou <strong>U <\/strong>( unsatisfactory ). ( credit = 0 )<\/p>\n<p class=\"H1\" align=\"left\">En parall\u00e8le, les \u00e9tudiants doivent \u00eatre inscrits dans les cours suivants dont l&#8217;\u00e9valuation est aussi <strong>S\/U.<\/strong><\/p>\n<p class=\"H1\" align=\"left\"><em>2231841 S\u00e9minaire sur la linguistique et la litt\u00e9rature fran\u00e7aises I<\/em><\/p>\n<div class=\"H1\" align=\"left\">\n<ul>\n<li><em>Analyses et th\u00e9ories appliqu\u00e9es dans la linguistique et la litt\u00e9rature fran\u00e7aises<\/em><\/li>\n<\/ul>\n<\/div>\n<p class=\"H1\" align=\"left\"><strong><em>2231842 S\u00e9minaire sur la linguistique et la litt\u00e9rature fran\u00e7aises II<\/em><\/strong><\/p>\n<ul>\n<li><em>Pratique des th\u00e9ories linguistiques et litt\u00e9raires dans la recherche<\/em><\/li>\n<\/ul>\n<p class=\"H1\" align=\"left\"><strong>Remarque<\/strong>: Cas particulier, les autres cours dont l&#8217;\u00e9valuation est S\/U, seront sugg\u00e9r\u00e9s aux \u00e9tudiants.<\/p>\n<table class=\"table\">\n<tbody>\n<tr>\n<td>En coop\u00e9ration avec l&#8217;universit\u00e9 Paris III et l&#8217;Ambassade de France en Tha\u00eflande, les \u00e9tudiants du doctorat peuvent partir en France pour faire la recherche pendant un an. En France, les \u00e9tudiants peuvent \u00e9galement consulter les professeurs de l&#8217;universit\u00e9 Paris III sur leur travail de recherche.<\/td>\n<\/tr>\n<\/tbody>\n<\/table>\n","protected":false},"excerpt":{"rendered":"<p>Doctorat de fran\u00e7ais Responsable Section de fran\u00e7ais, D\u00e9partement des langues occidentales; Facult\u00e9 des Lettres, Universit\u00e9 Chulalongkorn Objectif Former les \u00e9tudiants en linguistique et en litt\u00e9rature fran\u00e7aises, destin\u00e9s \u00e0 devenir de futurs enseignants capables d&#8217;appliquer les th\u00e9ories dans leur recherche pour faire avancer les \u00e9tudes de langue. Structure g\u00e9n\u00e9rale des \u00e9tudes 2231828 Th\u00e8se 48 cr\u00e9dits Dur\u00e9e: [&hellip;]<\/p>\n","protected":false},"author":1,"featured_media":0,"parent":0,"menu_order":0,"comment_status":"closed","ping_status":"closed","template":"","meta":{"footnotes":""},"class_list":["post-165","page","type-page","status-publish","hentry"],"_links":{"self":[{"href":"https:\/\/www.arts.chula.ac.th\/west\/french\/index.php?rest_route=\/wp\/v2\/pages\/165","targetHints":{"allow":["GET"]}}],"collection":[{"href":"https:\/\/www.arts.chula.ac.th\/west\/french\/index.php?rest_route=\/wp\/v2\/pages"}],"about":[{"href":"https:\/\/www.arts.chula.ac.th\/west\/french\/index.php?rest_route=\/wp\/v2\/types\/page"}],"author":[{"embeddable":true,"href":"https:\/\/www.arts.chula.ac.th\/west\/french\/index.php?rest_route=\/wp\/v2\/users\/1"}],"replies":[{"embeddable":true,"href":"https:\/\/www.arts.chula.ac.th\/west\/french\/index.php?rest_route=%2Fwp%2Fv2%2Fcomments&post=165"}],"version-history":[{"count":0,"href":"https:\/\/www.arts.chula.ac.th\/west\/french\/index.php?rest_route=\/wp\/v2\/pages\/165\/revisions"}],"wp:attachment":[{"href":"https:\/\/www.arts.chula.ac.th\/west\/french\/index.php?rest_route=%2Fwp%2Fv2%2Fmedia&parent=165"}],"curies":[{"name":"wp","href":"https:\/\/api.w.org\/{rel}","templated":true}]}}