{"id":154,"date":"2015-11-11T15:13:51","date_gmt":"2015-11-11T15:13:51","guid":{"rendered":"http:\/\/www.arts.chula.ac.th\/~west\/spanish\/?page_id=154"},"modified":"2024-10-08T22:52:59","modified_gmt":"2024-10-08T22:52:59","slug":"jornadas","status":"publish","type":"page","link":"https:\/\/www.arts.chula.ac.th\/west\/spanish\/jornadas\/","title":{"rendered":"Jornadas ELE en Bangkok &#8211; Presentaci\u00f3n"},"content":{"rendered":"<p><img loading=\"lazy\" decoding=\"async\" class=\"aligncenter\" src=\"https:\/\/www.arts.chula.ac.th\/west\/spanish\/wp-content\/uploads\/sites\/6\/2024\/08\/455142341_1046257947224612_3967939926842327137_n-1024x425.png\" alt=\"\" width=\"828\" height=\"344\" \/><\/p>\n<p style=\"text-align: center;\"><strong style=\"font-weight: bold !important;\">La VIII edici\u00f3n de las\u00a0<em>Jornadas ELE en Bangkok<\/em>\u00a0tendr\u00e1 lugar<\/strong><\/p>\n<p style=\"text-align: center;\"><strong style=\"font-weight: bold !important;\">el s\u00e1bado 18 y domingo 19 de enero de 2025<\/strong><\/p>\n<p style=\"text-align: center;\"><strong style=\"font-weight: bold !important;\">en la Universidad de Chulalongkorn, Tailandia<\/strong><\/p>\n<p style=\"text-align: justify;\">Este a\u00f1o, las jornadas tendr\u00e1n como tema principal la \u201c<i>Multidisciplinariedad en el aula de ELE<\/i>\u201d. \u00a0Por tanto, las ideas principales de las ponencias y los talleres deben enriquecer la pr\u00e1ctica docente y fortalecer la ense\u00f1anza de ELE con propuestas que integren la ense\u00f1anza del espa\u00f1ol a trav\u00e9s de diversas disciplinas\u00a0 (ej. literatura, negocios, turismo, derecho, medios de comunicaci\u00f3n, ciencia de la salud).<\/p>\n<p style=\"text-align: justify;\">\n<p style=\"text-align: justify;\">Las Jornadas de ELE en Bangkok tienen como objetivo crear un punto de encuentro profesional para profesores donde compartir experiencias, intercambiar ideas y debatir sobre el impacto de la multidisciplinariedad en la docencia del espa\u00f1ol. Por consiguiente, se buscar\u00e1 proponer nuevos enfoques y presentar experiencias did\u00e1cticas que integren varias disciplinas, fomentando, as\u00ed, una red colaborativa entre la comunidad educativa. Este evento est\u00e1 organizado por la Secci\u00f3n de Espa\u00f1ol de la Facultad de Letras de la Universidad de Chulalongkorn, Tailandia.<\/p>\n<p style=\"text-align: justify;\">\n<p style=\"text-align: justify;\"><strong style=\"font-size: 1rem;\">Condiciones de presentaci\u00f3n de propuestas<\/strong><\/p>\n<ul>\n<li><strong>Fecha l\u00edmite de env\u00edo de propuestas: <em>31<\/em><i>\u00a0de octubre de 2024<\/i><\/strong><\/li>\n<li><strong>Tipos:<\/strong>\n<ul>\n<li>Comunicaciones: 20 minutos de exposici\u00f3n y 10 minutos de coloquio.<\/li>\n<li>Talleres pr\u00e1cticos: 45 minutos.<\/li>\n<\/ul>\n<\/li>\n<li><strong>Caracter\u00edsticas:<\/strong>\n<ul>\n<li>T\u00edtulo de la propuesta<\/li>\n<li>Especificaci\u00f3n del car\u00e1cter de la propuesta: comunicaci\u00f3n o taller.<\/li>\n<li>Nombre completo del autor o de los autores y direcci\u00f3n de correo electr\u00f3nico.<\/li>\n<li>Centro de trabajo<\/li>\n<li>Resumen (m\u00e1ximo 15 l\u00edneas). Times New Roman 12 y el espacio entre l\u00edneas a 1.5. Incluya al final las palabras \u201cPalabras clave\u201d, seguido por dos puntos (:) y entre 4 y 6 palabras claves separadas por coma.<\/li>\n<li>Breve curr\u00edculum del autor o autores. (m\u00e1ximo 8 l\u00edneas)<\/li>\n<\/ul>\n<\/li>\n<\/ul>\n<p><strong>Env\u00ede su propuesta a\u00a0<a href=\"mailto:jornadas.ele.bkk@gmail.com\">jornadas.ele.bkk@gmail.com<\/a>. La comunicaci\u00f3n de aceptaci\u00f3n de trabajos se har\u00e1 antes del <em>15<\/em><i> de noviembre de 2024.<\/i>\u00a0<\/strong><\/p>\n<p><strong>In<\/strong><strong>scripci\u00f3n<\/strong><\/p>\n<ul>\n<li>Es\u00a0<strong>GRATUITA<\/strong><\/li>\n<li>Fecha l\u00edmite para la inscripci\u00f3n: <em><strong>\u00a020 de diciembre de 2024<\/strong><\/em>.<\/li>\n<li>Complete su inscripci\u00f3n en\u00a0<strong><em><a href=\"https:\/\/forms.gle\/syfCMFx85nM56U1z5\"><u>el formulario de inscripci\u00f3n\u00a0<\/u><\/a>\u00a0<\/em><\/strong>(***los ponentes tambi\u00e9n se deben inscribir en este formulario adem\u00e1s de enviar la propuesta)<\/li>\n<\/ul>\n<p><strong>Alojamiento<\/strong><\/p>\n<ul>\n<li>Existe la posibilidad de alojarse en\u00a0<b>CU iHOUSE<\/b><em>,<\/em>\u00a0una residencia al lado del campus de la Universidad por 1000 baht por noche y habitaci\u00f3n (aproximadamente 26 \u20ac \/ 27 USD),\n<ul>\n<li>En caso de querer alojarse en dicha residencia\u00a0\u00a0hay que especificarlo en el formulario de inscripci\u00f3n antes del\u00a0<em><strong>30<\/strong><strong>\u00a0de noviembre<\/strong><strong>\u00a0de 2024<\/strong>.<\/em><\/li>\n<\/ul>\n<\/li>\n<\/ul>\n<ul>\n<li>Para m\u00e1s opciones, ver el enlace en el panel izquierdo<\/li>\n<\/ul>\n<p>Para cualquier duda o para m\u00e1s informaci\u00f3n contacte con la direcci\u00f3n de correo electr\u00f3nico\u00a0<a href=\"mailto:jornadas.ele.bkk@gmail.com\"><strong>jornadas.ele.bkk@gmail.com<\/strong><\/a><\/p>\n<p>Esperamos contar con su participaci\u00f3n.<\/p>\n","protected":false},"excerpt":{"rendered":"<p>La VIII edici\u00f3n de las\u00a0Jornadas ELE en Bangkok\u00a0tendr\u00e1 lugar el s\u00e1bado 18 y domingo 19 de enero de 2025 en la Universidad de Chulalongkorn, Tailandia Este a\u00f1o, las jornadas tendr\u00e1n como tema principal la \u201cMultidisciplinariedad en el aula de ELE\u201d. \u00a0Por tanto, las ideas principales de las ponencias y los talleres deben enriquecer la pr\u00e1ctica [&hellip;]<\/p>\n","protected":false},"author":1,"featured_media":0,"parent":0,"menu_order":0,"comment_status":"closed","ping_status":"closed","template":"","meta":{"footnotes":""},"class_list":["post-154","page","type-page","status-publish","hentry"],"_links":{"self":[{"href":"https:\/\/www.arts.chula.ac.th\/west\/spanish\/wp-json\/wp\/v2\/pages\/154","targetHints":{"allow":["GET"]}}],"collection":[{"href":"https:\/\/www.arts.chula.ac.th\/west\/spanish\/wp-json\/wp\/v2\/pages"}],"about":[{"href":"https:\/\/www.arts.chula.ac.th\/west\/spanish\/wp-json\/wp\/v2\/types\/page"}],"author":[{"embeddable":true,"href":"https:\/\/www.arts.chula.ac.th\/west\/spanish\/wp-json\/wp\/v2\/users\/1"}],"replies":[{"embeddable":true,"href":"https:\/\/www.arts.chula.ac.th\/west\/spanish\/wp-json\/wp\/v2\/comments?post=154"}],"version-history":[{"count":71,"href":"https:\/\/www.arts.chula.ac.th\/west\/spanish\/wp-json\/wp\/v2\/pages\/154\/revisions"}],"predecessor-version":[{"id":1429,"href":"https:\/\/www.arts.chula.ac.th\/west\/spanish\/wp-json\/wp\/v2\/pages\/154\/revisions\/1429"}],"wp:attachment":[{"href":"https:\/\/www.arts.chula.ac.th\/west\/spanish\/wp-json\/wp\/v2\/media?parent=154"}],"curies":[{"name":"wp","href":"https:\/\/api.w.org\/{rel}","templated":true}]}}